 26 - t. List the prime factors of i.
3, 5
Suppose 0 = -6*r - 603 - 549. What are the prime factors of (-1)/(1 - r/(-188))?
47
Let i = 33 - 51. Let z be i/(-4) + (-2)/(-4). Suppose -z = -w + 2. List the prime factors of w.
7
Let k = 228 - 120. What are the prime factors of k?
2, 3
Let f(b) be the third derivative of b**4/3 + 7*b**3/6 - b**2. Let w be f(-5). List the prime factors of w/(-9) - 4/6.
3
Suppose -5*g - 920 = -5*h, 5*g - 592 = -3*h - 0*g. What are the prime factors of h?
3, 7
Suppose 0 = 3*v + 4*f - 548, -2*f - 5 = -3. What are the prime factors of v?
2, 23
Suppose 21 = 3*m + 4*d, -m - 3*d + 3 - 1 = 0. Let f = m + -5. What are the prime factors of f?
2, 3
Let x = 136 + -38. List the prime factors of x.
2, 7
Let b be (-12)/18 - (-130)/6. Let w(h) = h**2 + h - 4. Let o be w(-3). Suppose -b = -o*r + 1. What are the prime factors of r?
11
Suppose -5*m = -6*m + 2. List the prime factors of 1/m + (-42)/(-4).
11
Let z be (175/(-21))/(1/(-3)). Let p = 49 - z. What are the prime factors of p?
2, 3
Let h be 1/(-2) + (-75)/(-2). Suppose -h - 16 = -2*k - 3*b, 0 = k - b - 39. What are the prime factors of k?
2, 17
Suppose 5*o - n + 277 = 0, 0 = -5*o - 0*o - 2*n - 286. What are the prime factors of (96/o)/(2/(-7))?
2, 3
Suppose -4*c - 9 = -5*k, 4*c + c + k + 33 = 0. Let r(d) = -3*d - 7. Let q be r(-6). Let g = c + q. List the prime factors of g.
5
Suppose -33 = -5*f + 72. What are the prime factors of f?
3, 7
Let y(p) be the second derivative of p**4/12 + 5*p**3/6 - 5*p**2 - 3*p. List the prime factors of y(-10).
2, 5
Let b(i) = i + 5. Let u be b(-3). Suppose -5*r = -5*y + 5, 3*y + 4*r - u*r = 3. Suppose 7*d - y = -l + 2*d, 2*d - 7 = -l. What are the prime factors of l?
11
Suppose 0 + 15 = -5*y, -4*r + 5*y + 359 = 0. Suppose 2*h - 70 = -3*d, d = -3*d + h + r. List the prime factors of d.
2, 11
Let u(a) = a**3 - 2*a**2 + 2*a - 2. Let i be u(2). Suppose -i*m = z - 31 - 1, -88 = -4*m + 4*z. List the prime factors of m.
2, 3
Suppose -4*x + 92 = -116. List the prime factors of x.
2, 13
Let h(g) = g + 5. Let c be h(0). What are the prime factors of (-12 + 4)/((-1)/c)?
2, 5
Let c(y) = y**2 + y. Let a be c(2). Suppose -q = -2*z - 6*q - a, -4*q = -4*z + 16. Suppose -z*m = -4*m + 18. List the prime factors of m.
3
List the prime factors of 6 + 3 + 1 + -2.
2
Let r = -42 + 73. What are the prime factors of r?
31
Let m = 7 + -4. List the prime factors of m + -2 + 36/3.
13
Suppose -3*t = 3*n - 102, 4*n - 178 = -5*t + 3*n. List the prime factors of t.
2, 3
Suppose r + 2*r - 2*d - 10 = 0, 3*r + 4*d = 16. Suppose -4*b + 7 + 1 = -r*k, b = 2*k - 2. What are the prime factors of b?
2, 3
Let t(n) be the second derivative of n**5/20 - 7*n**4/12 + 4*n**3/3 - 9*n**2/2 - 2*n. What are the prime factors of t(6)?
3
Let t = -4 + 9. Let y(w) = -3*w**3 - 17*w**2 + 19*w - 1. Let f(x) = -2*x**3 - 9*x**2 + 10*x. Let o(h) = -5*f(h) + 3*y(h). What are the prime factors of o(t)?
7
Let d = 147 - 96. What are the prime factors of d?
3, 17
Suppose 4*n = -x + 3*x + 206, -5*n + 230 = 3*x. What are the prime factors of n?
7
Let g(j) = j - 6. Let u be g(7). Let d be (u + -3)*(-14)/4. Let c = 12 - d. What are the prime factors of c?
5
Suppose -5*i + 65 = -0*i. Let c be ((-60)/70)/((-3)/14). Let s = c + i. List the prime factors of s.
17
What are the prime factors of 34 + 8/(12/3)?
2, 3
Let g be (-3)/(-5 - -2) - -1. Suppose 2*n - 4 = g. List the prime factors of n.
3
Suppose -z + 3 + 4 = 0. Suppose b + b + 4*v = 0, 5*b - 4*v + 14 = 0. Let o = z + b. What are the prime factors of o?
5
Let n be (-7)/(((-6)/3)/6). Suppose 4*j - 5*j + n = 0. List the prime factors of j.
3, 7
Let b be (-2)/4 + 7/(-2). Let p = b + 6. Suppose 3*o + 3*x = 0, -3*o + 10 = -0*o - p*x. What are the prime factors of o?
2
List the prime factors of (88 - -1) + 5/((-25)/5).
2, 11
Let l = -67 + 168. What are the prime factors of l?
101
What are the prime factors of (-2030)/(-40) - 6/8?
2, 5
Let h(j) = 2*j**2 + 2*j + 1. Suppose 2*q + 1 + 3 = 0. Let x be h(q). List the prime factors of (x + -3)/((-1)/(-4)).
2
Suppose 4*r = 7*r - 6. Suppose -r*s + 2*m = -60, -3 = s + 2*m - 24. What are the prime factors of s?
3
Let s(h) = -h + 11. Let v be s(7). Let x(a) = a + a**3 + 5*a**2 + 3 - 2*a**3 - a - v*a. What are the prime factors of x(3)?
3
Let i(y) = -y**2 - y + 1. Let r(c) = 6*c**2 + 14*c - 20. Let k(m) = 5*i(m) + r(m). List the prime factors of k(-12).
3, 7
Let s = 153 + -75. What are the prime factors of s?
2, 3, 13
Let k = -5 + 7. Suppose 3*y - 38 = -2. Let w = y - k. What are the prime factors of w?
2, 5
Suppose -2*l = -120 - 42. Suppose -v - 2*v = -l. List the prime factors of v.
3
Let g = 29 + 19. List the prime factors of g.
2, 3
Let i be (-12)/18*(-18)/4. Suppose -t - 4*w + 20 = -10, -i*t + 5*w + 39 = 0. List the prime factors of t.
2, 3
Suppose 4*t = -4*b, -5*t - 2*b + 7*b = -20. Suppose t*d - 6*d = -52. What are the prime factors of d?
13
Let h be 0 + 4 + (0 - 0). Let s(f) = 2*f + 2. List the prime factors of s(h).
2, 5
Let u be 32/18 + 18/81. Suppose -u*i + 159 = i - 2*l, 5*i - 5*l = 260. What are the prime factors of i?
5, 11
Let k = 2 + 4. Suppose -2*s + 5 + 7 = 0. Let h = s + k. List the prime factors of h.
2, 3
Let s = 130 + -93. List the prime factors of s.
37
Let n be 1 - ((-66)/(-2) + -3). Let x = n + 62. List the prime factors of x.
3, 11
Let i = 0 - -4. What are the prime factors of (-7)/((14/i)/(-7))?
2, 7
Let h(w) = -4 + w + w**3 + 0*w + 3 - 2*w**2. Let c = 12 - 9. List the prime factors of h(c).
11
Suppose 4*h - 246 = -k + 151, 417 = 4*h + 5*k. List the prime factors of h.
2, 7
Suppose 2*a + 3*a - 25 = 0. Suppose -4*y + a*w + 62 = 0, -4*w - 2 = -3*w. What are the prime factors of y?
13
Let u be ((-3)/2)/(2/(-4)). Suppose -7*d + u*d + 64 = 0. Let h = -5 + d. What are the prime factors of h?
11
Suppose -5*y + 4*u = -185 - 752, 3*u + 372 = 2*y. What are the prime factors of y?
3, 7
Suppose 628 = 6*h - 2*h. What are the prime factors of h?
157
Let b = 27 + 99. List the prime factors of b.
2, 3, 7
Suppose -3*c - c + 68 = 0. What are the prime factors of c?
17
Let z = 1 + 2. Suppose -4*h - z*r = r - 16, 3*h + 2*r - 11 = 0. Suppose -x - 2*l - 6 = 0, -h*x = 2*l - 3 + 5. List the prime factors of x.
2
Let p = 34 + -22. Let v = -2 + p. List the prime factors of v.
2, 5
Let i = 37 + -11. List the prime factors of i.
2, 13
Suppose 0 = -4*x + l + 15, -2*x + 5*x + 5*l = 17. Suppose x*c - c - 9 = 0. Suppose -1 = c*n - 7. What are the prime factors of n?
2
Let n = 52 + -21. What are the prime factors of n?
31
Let f(v) = -5*v + 25. List the prime factors of f(-11).
2, 5
Let t be (-12)/(-7) - 12/(-42). Let l be 1*1/(-3 + t). Let v = l - -5. What are the prime factors of v?
2
Let r be 1 - (-1 + -1 - -2). Let m = 3 - r. Suppose m*x = -g + 2, -4*g + 5*x + 2 = -6. What are the prime factors of g?
2
Suppose 1 = d - 3. Let j(c) = -c**3 + 4*c**2 + 5*c - 4. List the prime factors of j(d).
2
Let d(t) = -4*t**3 + 4*t**2 - 7*t - 1. Let f(c) = 11*c**3 - 12*c**2 + 20*c + 3. Let o(w) = 8*d(w) + 3*f(w). What are the prime factors of o(4)?
17
Suppose -3*j = 5*o - 226, -j + o = -3*o - 81. List the prime factors of j.
7, 11
Let u(m) = 5*m**2 + m - 1. Let c be ((-1)/(-2))/(1/2). Let q be u(c). Suppose -q*f + 30 + 4 = o, 4*f - 32 = 4*o. What are the prime factors of f?
7
Let h(y) = y**3 + 5*y**2 + 2*y + 7. Let g be h(-5). What are the prime factors of (-1 + g)*2*-1?
2
Let c(n) = n**3 + 7*n**2 - 2*n + 7. Suppose -3*g + g = 5*s + 9, -5*s = -3*g - 26. Let j be c(g). Suppose -l + j = 2*l. What are the prime factors of l?
7
Suppose -3*k + 202 = -5*d, d + d - 278 = -4*k. Let a be (-2)/7 + k/21. List the prime factors of (-1)/(3/a) - -15.
2, 7
Suppose -5*d = -3*q + 40, q - d - 2*d - 20 = 0. Suppose -12 = -q*v - b + 23, -3*v - 4*b + 21 = 0. What are the prime factors of v?
7
Let l(g) = 5*g**2 - 8*g - 8. Let y(f) = -6*f**2 + 8*f + 9. Let t(p) = 5*l(p) + 4*y(p). Let b be t(7). Let r = 19 + b. What are the prime factors of r?
2
Suppose 3*v + 4*a - 5 = 0, -4*a = -2*v - v + 13. Suppose 0 = -5*p - 25, 0*s + v*p + 155 = 5*s. Suppose 2*d = 6*d - s. What are the prime factors of d?
7
Let r(i) be the second derivative of 5/12*i**4 - 1/20*i**5 - i + 1/3*i**3 + 0 - 5/2*i**2. List the prime factors of r(4).
19
Suppose 5*y - 1 - 14 = 0, 0 = 2*z - y + 7. List the 